st common factor of 60 and 9254820.
60
Calculate the greatest common divisor of 11092 and 1316.
188
What is the highest common factor of 463 and 22687?
463
What is the highest common divisor of 517 and 70453?
47
What is the highest common factor of 87 and 456199?
29
Calculate the greatest common divisor of 1006848 and 684.
684
What is the greatest common factor of 374430 and 84?
42
What is the greatest common divisor of 105 and 39?
3
Calculate the greatest common divisor of 7644 and 266.
14
Calculate the greatest common factor of 6017 and 2585.
11
What is the greatest common factor of 522 and 33872?
58
What is the greatest common divisor of 378 and 387?
9
Calculate the greatest common divisor of 225 and 7080.
15
Calculate the highest common divisor of 9 and 912771.
9
What is the highest common factor of 122 and 26413?
61
What is the greatest common factor of 3784634 and 3486?
1162
What is the highest common divisor of 351 and 58487?
13
Calculate the greatest common factor of 21 and 33399.
3
What is the greatest common factor of 45 and 145125?
45
Calculate the highest common factor of 516 and 18364.
4
What is the greatest common divisor of 53001 and 273?
39
What is the highest common divisor of 113615 and 1240?
155
Calculate the highest common divisor of 56 and 2233.
7
What is the highest common divisor of 5125 and 925?
25
Calculate the greatest common factor of 140 and 266385.
35
Calculate the highest common divisor of 156 and 108.
12
What is the greatest common divisor of 733673 and 158?
79
What is the highest common factor of 101765 and 35?
5
What is the greatest common divisor of 46144 and 736?
32
Calculate the highest common divisor of 32343 and 21.
3
Calculate the highest common factor of 62352 and 1080.
72
What is the highest common divisor of 14014 and 2684682?
2002
Calculate the greatest common factor of 1701 and 426222.
243
What is the highest common divisor of 10 and 2085?
5
What is the highest common divisor of 2065 and 101395?
35
Calculate the greatest common divisor of 7996680 and 485.
485
Calculate the highest common factor of 56435 and 20.
5
Calculate the greatest common divisor of 376 and 1538.
2
What is the greatest common divisor of 60 and 10?
10
What is the highest common divisor of 5216 and 11573?
163
Calculate the highest common divisor of 152 and 8759.
19
Calculate the highest common divisor of 95459 and 520.
13
Calculate the greatest common factor of 14 and 623784.
14
What is the greatest common factor of 4796208 and 64?
16
Calculate the highest common divisor of 844677 and 2032.
127
What is the highest common divisor of 15392 and 52?
52
What is the highest common factor of 448037 and 716?
179
Calculate the greatest common factor of 264380 and 170.
10
What is the greatest common factor of 985285 and 105?
35
What is the highest common divisor of 28 and 707994?
14
What is the greatest common divisor of 93 and 794468?
31
What is the greatest common factor of 35991 and 108?
27
Calculate the highest common divisor of 1407 and 9284793.
1407
Calculate the highest common factor of 2279 and 1696.
53
What is the greatest common divisor of 222 and 15636?
6
Calculate the greatest common factor of 40 and 146360.
40
Calculate the highest common factor of 762 and 462.
6
What is the greatest common divisor of 1620322 and 22?
22
What is the greatest common divisor of 696 and 2550?
6
What is the greatest common divisor of 155 and 801505?
155
What is the highest common divisor of 116 and 223996?
116
Calculate the highest common factor of 270 and 59190.
30
What is the highest common divisor of 641 and 422419?
641
What is the highest common divisor of 50 and 18610?
10
What is the greatest common divisor of 64331 and 69?
23
Calculate the greatest common divisor of 6278 and 2150.
86
Calculate the greatest common divisor of 287 and 527.
1
Calculate the greatest common divisor of 22369 and 5.
1
What is the highest common divisor of 223573 and 532?
133
What is the greatest common divisor of 42824 and 2226?
106
Calculate the greatest common divisor of 19618 and 6347.
577
What is the greatest common divisor of 810 and 2005290?
270
What is the greatest common factor of 16404 and 9756?
12
Calculate the greatest common divisor of 5502 and 1176.
42
Calculate the highest common divisor of 1813 and 12765.
37
What is the highest common divisor of 1184406 and 10288?
1286
Calculate the highest common divisor of 230386 and 26.
26
Calculate the highest common factor of 5840 and 960.
80
Calculate the greatest common factor of 1436 and 359.
359
What is the highest common factor of 35 and 1965257?
7
What is the highest common factor of 72 and 4338?
18
What is the highest common factor of 49504 and 8288?
224
Calculate the greatest common divisor of 84 and 3091884.
12
Calculate the highest common divisor of 777744 and 17424.
1584
Calculate the greatest common divisor of 1595060 and 922.
922
What is the highest common divisor of 828 and 83076?
276
What is the highest common divisor of 234 and 362284?
26
Calculate the greatest common divisor of 725 and 52575.
25
What is the greatest common divisor of 133824 and 34768?
656
Calculate the greatest common factor of 618 and 256779.
309
Calculate the greatest common factor of 536 and 3200.
8
What is the highest common factor of 597 and 119798?
199
Calculate the greatest common divisor of 37 and 139823.
37
Calculate the highest common divisor of 19336 and 720.
8
What is the greatest common factor of 4319 and 147?
7
Calculate the greatest common factor of 4640 and 40310.
290
What is the greatest common factor of 51 and 1745?
1
What is the greatest common factor of 191 and 15089?
191
What is the greatest common factor of 165282 and 78?
78
Calculate the highest common factor of 24367 and 21.
7
What is the highest common factor of 385 and 6430?
5
What is the highest common divisor of 102 and 1082?
2
Calculate the greatest common factor of 753 and 390305.
251
Calculate the greatest common factor of 4835025 and 950.
475
Calculate the highest common divisor of 4012 and 10812.
68
What is the greatest common factor of 24 and 26028?
12
Calculate the highest common factor of 33 and 32.
1
Calculate the highest common divisor of 3065 and 575.
5
Calculate the greatest common factor of 72 and 580376.
8
Calculate the highest common factor of 1072 and 1056322.
134
What is the greatest common factor of 48029 and 1?
1
Calculate the greatest common divisor of 1373246 and 987.
329
What is the highest common factor of 26455 and 11765?
65
Calculate the greatest common factor of 22923 and 729.
81
Calculate the greatest common divisor of 11601 and 9.
9
Calculate the highest common factor of 51707 and 87.
29
Calculate the highest common factor of 210 and 1040102.
14
What is the greatest common factor of 6303 and 957?
33
What is the highest common factor of 39 and 37479?
39
What is the highest common divisor of 930 and 232810?
310
What is the highest common divisor of 275 and 1199?
11
Calculate the greatest common divisor of 42 and 26985.
21
What is the highest common factor of 159 and 4521?
3
What is the highest common factor of 10833 and 16491?
69
What is the greatest common divisor of 783 and 7743?
87
What is the greatest common divisor of 95 and 407474?
19
Calculate the greatest common divisor of 3375 and 108.
27
Calculate the highest common factor of 149097 and 39.
39
Calculate the greatest common divisor of 1244464 and 208.
208
What is the highest common factor of 56 and 38066?
14
Calculate the highest common factor of 1298019 and 692.
173
Calculate the highest common divisor of 224405 and 3885.
185
What is the highest common factor of 7089 and 187?
17
What is the highest common divisor of 10047 and 102?
51
Calculate the greatest common divisor of 35826 and 2646.
42
Calculate the highest common factor of 4758 and 8662.
122
Calculate the highest common factor of 4256 and 667584.
608
What is the greatest common factor of 91 and 600782?
91
What is the greatest common divisor of 630 and 103365?
45
What is the greatest common factor of 54197 and 143?
143
What is the greatest common factor of 395994 and 372?
186
What is the highest common factor of 217551 and 2286?
381
What is the greatest common divisor of 660875 and 125?
125
Calculate the hig